1, 1553
List the prime factors of 113603.
7, 16229
What are the prime factors of 1253112?
2, 3, 7, 7459
List the prime factors of 38650723.
59, 163, 4019
List the prime factors of 1071848.
2, 133981
What are the prime factors of 189279?
3, 21031
What are the prime factors of 3337960?
2, 5, 83449
List the prime factors of 552541.
11, 50231
What are the prime factors of 13689143?
13, 443, 2377
What are the prime factors of 5189250?
2, 3, 5, 11, 17, 37
What are the prime factors of 860963?
31, 27773
What are the prime factors of 281956?
2, 70489
What are the prime factors of 601481?
263, 2287
List the prime factors of 95293.
11, 8663
List the prime factors of 265291.
13, 20407
List the prime factors of 7831900.
2, 5, 17, 271
List the prime factors of 176965.
5, 35393
List the prime factors of 114079.
7, 43, 379
What are the prime factors of 685356?
2, 3, 7, 41, 199
List the prime factors of 317678.
2, 193, 823
What are the prime factors of 261336?
2, 3, 10889
List the prime factors of 1049350.
2, 5, 31, 677
List the prime factors of 15505433.
15505433
List the prime factors of 1276531.
647, 1973
List the prime factors of 201834.
2, 3, 11213
List the prime factors of 27130.
2, 5, 2713
What are the prime factors of 173715?
3, 5, 37, 313
What are the prime factors of 6051723?
3, 41, 49201
What are the prime factors of 163354?
2, 81677
List the prime factors of 6881674.
2, 151, 22787
What are the prime factors of 14372608?
2, 23, 2441
What are the prime factors of 4141827?
3, 131, 1171
What are the prime factors of 1459442?
2, 23, 31727
List the prime factors of 7856274.
2, 3, 29, 163, 277
List the prime factors of 23074060.
2, 5, 23, 103, 487
List the prime factors of 5882137.
71, 82847
What are the prime factors of 24141?
3, 13, 619
List the prime factors of 92278.
2, 29, 37, 43
What are the prime factors of 174714?
2, 3, 37, 787
List the prime factors of 4581.
3, 509
List the prime factors of 26161.
26161
List the prime factors of 20182.
2, 10091
What are the prime factors of 1024823?
1024823
List the prime factors of 14764068.
2, 3, 11, 23, 1621
What are the prime factors of 396697?
7, 56671
What are the prime factors of 1144060?
2, 5, 57203
List the prime factors of 6690103.
7, 955729
What are the prime factors of 6936096?
2, 3, 72251
List the prime factors of 27053.
13, 2081
List the prime factors of 252922.
2, 126461
List the prime factors of 19026182.
2, 7, 19, 71527
What are the prime factors of 25501741?
67, 380623
List the prime factors of 1017292.
2, 41, 6203
What are the prime factors of 8937168?
2, 3, 186191
What are the prime factors of 571321?
571321
What are the prime factors of 219879?
3, 11, 2221
What are the prime factors of 1516430?
2, 5, 151643
List the prime factors of 91441.
7, 13063
What are the prime factors of 4492929?
3, 7, 213949
List the prime factors of 2793101.
2793101
List the prime factors of 11175889.
11175889
What are the prime factors of 236262?
2, 3, 13, 233
What are the prime factors of 4146256?
2, 19, 23, 593
List the prime factors of 199740.
2, 3, 5, 3329
What are the prime factors of 13846599?
3, 13, 103, 383
List the prime factors of 199822.
2, 7, 2039
List the prime factors of 4851233.
4851233
What are the prime factors of 273368?
2, 34171
What are the prime factors of 15289734?
2, 3, 2548289
List the prime factors of 4023493.
4023493
What are the prime factors of 6967050?
2, 3, 5, 46447
What are the prime factors of 21177?
3, 13, 181
What are the prime factors of 16752939?
3, 7, 17, 167, 281
What are the prime factors of 198176?
2, 11, 563
What are the prime factors of 377642?
2, 31, 6091
List the prime factors of 2882380.
2, 5, 31, 4649
What are the prime factors of 690088?
2, 7, 12323
List the prime factors of 465735.
3, 5, 61, 509
What are the prime factors of 340001?
43, 7907
List the prime factors of 5505688.
2, 17, 40483
List the prime factors of 146361.
3, 48787
List the prime factors of 177332.
2, 43, 1031
List the prime factors of 1353582.
2, 3, 139, 541
List the prime factors of 4900202.
2, 223, 10987
List the prime factors of 611186.
2, 305593
List the prime factors of 473057.
13, 36389
List the prime factors of 373494.
2, 3, 11, 5659
List the prime factors of 73480.
2, 5, 11, 167
List the prime factors of 526653.
3, 163, 359
List the prime factors of 4897830.
2, 3, 5, 7, 83, 281
What are the prime factors of 223188?
2, 3, 7, 2657
What are the prime factors of 432767?
29, 14923
List the prime factors of 158185.
5, 17, 1861
List the prime factors of 2700685.
5, 13, 41549
What are the prime factors of 2088822?
2, 3, 19, 73, 251
What are the prime factors of 11840195?
5, 2368039
List the prime factors of 2091240.
2, 3, 5, 37, 157
What are the prime factors of 27288166?
2, 23, 37, 16033
List the prime factors of 19838881.
17, 281, 4153
List the prime factors of 346200.
2, 3, 5, 577
What are the prime factors of 105808?
2, 17, 389
What are the prime factors of 974418?
2, 3, 23, 307
What are the prime factors of 822007?
822007
List the prime factors of 16119360.
2, 3, 5, 29, 193
List the prime factors of 1244540.
2, 5, 11, 5657
What are the prime factors of 1520384?
2, 5939
What are the prime factors of 4058859?
3, 7, 347, 557
What are the prime factors of 1009975?
5, 71, 569
What are the prime factors of 961246?
2, 11, 13, 3361
What are the prime factors of 1965087?
3, 73, 997
What are the prime factors of 35925180?
2, 3, 5, 173, 3461
List the prime factors of 5228171.
13, 113, 3559
What are the prime factors of 1334840?
2, 5, 13, 17, 151
List the prime factors of 417305.
5, 7, 11923
What are the prime factors of 593742?
2, 3, 17, 5821
List the prime factors of 1328758.
2, 664379
List the prime factors of 4683162.
2, 3, 11, 70957
List the prime factors of 75364.
2, 83, 227
List the prime factors of 247661.
167, 1483
What are the prime factors of 1333057?
11, 23, 479
What are the prime factors of 10804366?
2, 5402183
What are the prime factors of 17036?
2, 4259
List the prime factors of 1462458.
2, 3, 71, 3433
What are the prime factors of 229945?
5, 45989
List the prime factors of 1728727.
7, 11, 13, 157
What are the prime factors of 107335?
5, 21467
List the prime factors of 26768755.
5, 13, 79, 401
List the prime factors of 458063.
458063
List the prime factors of 11408383.
7, 103, 15823
What are the prime factors of 3725589?
3, 7, 177409
What are the prime factors of 131166?
2, 3, 7, 347
List the prime factors of 592094.
2, 296047
List the prime factors of 798982.
2, 399491
List the prime factors of 42015905.
5, 37, 227113
What are the prime factors of 101962?
2, 7, 7283
What are the prime factors of 5495208?
2, 3, 101, 2267
What are the prime factors of 223290?
2, 3, 5, 827
List the prime factors of 107175.
3, 5, 1429
List the prime factors of 10617929.
7, 1516847
What are the prime factors of 58257?
3, 6473
What are the prime factors of 945012?
2, 3, 61, 1291
What are the prime factors of 3391?
3391
What are the prime factors of 650043?
3, 72227
List the prime factors of 137658.
2, 3, 22943
List the prime factors of 212123.
212123
What are the prime factors of 731036?
2, 179, 1021
What are the prime factors of 61466?
2, 73, 421
What are the prime factors of 5476271?
2029, 2699
What are the prime factors of 71151?
3, 37, 641
What are the prime factors of 332296?
2, 73, 569
What are the prime factors of 1307950?
2, 5, 7, 37, 101
List the prime factors of 181772.
2, 29, 1567
What are the prime factors of 14955?
3, 5, 997
List the prime factors of 21710372.
2, 5427593
List the prime factors of 6831533.
6831533
What are the prime factors of 1105457?
1105457
List the prime factors of 19031855.
5, 1697, 2243
What are the prime factors of 8321611?
8321611
What are the prime factors of 21166?
2, 19, 557
List the prime factors of 7382246.
2, 859, 4297
What are the prime factors of 12842492?
2, 13, 246971
List the prime factors of 162708.
2, 3, 7, 13, 149
List the prime factors of 74004.
2, 3, 7, 881
List the prime factors of 29654631.
3, 31, 157, 677
List the prime factors of 32522629.
59, 551231
List the prime factors of 75380.
2, 5, 3769
List the prime factors of 300246.
2, 3, 163, 307
What are the prime factors of 657586?
2, 197, 1669
What are the prime factors of 4831061?
1567, 3083
What are the 